t is the units digit of k?
1
Suppose g = -3*o + 5*g + 85, 3*o + 4*g - 77 = 0. Let j = o + 4. Suppose j*n - 240 = 26*n. What is the tens digit of n?
4
What is the tens digit of ((-32)/6)/((-14)/1554)?
9
Suppose n - 101 = -j, n - 6*j - 101 = -3*j. What is the units digit of n?
1
Let o be -3 + 1 + (-10)/(-2). Let r be (2/o)/(12/630). What is the tens digit of 1305/r - 4/14?
3
Suppose 0 = 19*a - 14*a - 5015. What is the tens digit of a?
0
Let m(b) = 2*b**3 - b**2 - 7*b. Let o(s) = -s**2. Let g(l) = -m(l) + 5*o(l). Let x(f) be the second derivative of g(f). What is the tens digit of x(-4)?
4
Let u(b) = 119*b - 7. What is the hundreds digit of u(14)?
6
Let j(k) = -6*k - 33. Let h be 54/2*(-6)/9. What is the tens digit of j(h)?
7
Let j = -19 + 40. What is the units digit of (420/(-49))/((-3)/j)?
0
Let u(f) = -3*f**3 - 4*f**2 + 5*f - 5. Let g be u(4). Let z = -164 - g. What is the units digit of (z/(-22))/(2/(-12))?
1
Let p = 4 + 330. What is the tens digit of p?
3
Let t be 2*(35/(-2))/(-7). Suppose -t*r - 56 = -7*r. What is the tens digit of r?
2
Let a(x) = -x**3 - 3*x**2 + 9*x - 3. Let f be a(-5). Suppose -24*v + 23*v + f = 0. Suppose 0 = -v*r - 4 + 46. What is the tens digit of r?
2
Let a = -14 + 16. Let g(v) = -3 - v**3 + 2*v + v - 6*v**2 - 5*v - a. What is the units digit of g(-6)?
7
Let r = -1422 - -2391. What is the tens digit of r?
6
Let n(w) = 4*w + 102. What is the units digit of n(-10)?
2
Let k = -114 + 61. Let s = k + 221. What is the hundreds digit of s?
1
Let w(p) = -p**3 - p**2 - 4*p - 4. Let i be w(-4). Suppose -3*b + i = -2*v, 0 = -0*b + 3*b + 5*v - 39. Let a = 33 - b. What is the units digit of a?
5
Suppose -22330 = 66*m - 88*m. What is the hundreds digit of m?
0
Let n be -1 - (-441)/6 - 4/8. Suppose -4*x + x = -n. What is the units digit of x?
4
What is the hundreds digit of -4 + (-5)/(-2)*148?
3
Let g(l) = -10*l**2 - l + 1. Let n be g(1). Let a(f) = f**3 + 10*f**2 - 2*f + 22. What is the units digit of a(n)?
2
What is the tens digit of (-1)/2 - -9138*(-13)/(-52)?
8
Let s(p) = 2*p**2 - 8*p - 11. Suppose -2*l - 20 = 3*l. What is the tens digit of s(l)?
5
Suppose -5*w - 3*f = -10, -f = -5*w - 3*f + 10. Suppose -2*c = -3*d - 13, -w*c - 4 = -4*c. What is the units digit of 2/d*261/(-6)?
9
Let q(h) = 5*h - 6. Suppose -2*y - 4 = -4*y. Suppose -5*m - 5*c = -3*c - 33, 2*m - y*c - 2 = 0. What is the units digit of q(m)?
9
Let l(k) = k**2 - 2*k - 22. Let i(v) = -v + 1. Let q(x) = -5*i(x) - l(x). Let g be q(9). What is the units digit of (-135)/(-6)*2 - g?
6
Let g(t) = -42*t**2 + 3*t + 3. Let r be g(-2). Let w = r - -255. What is the units digit of w?
4
Let c be 810/4*12/10. Suppose j - c = -5*x, -129 = -x - 2*x + 5*j. Suppose 4*k = d - 37, 5*d - 3*k - 103 = x. What is the units digit of d?
9
Let y(d) = d**3 - d**2 + 5*d - 2. Let j be y(3). Let m = j + 29. Suppose 3*h - m = 75. What is the tens digit of h?
4
Let k be 2 - ((0 - (7 - 4)) + 6). What is the units digit of (420/16 + 1)*(k - -5)?
9
Suppose -8 - 3 = -5*a + 4*t, -2*t - 1 = -a. Suppose a*s - 6 = -0*s. Suppose 0 = -q + 4*i + 33, -99 = -2*q - q - s*i. What is the units digit of q?
3
Suppose 0 = -2*s + 6*s - 4*b - 40, 3*b = -5*s + 50. Suppose -8*w + s*w - 16 = 0. What is the units digit of w?
8
Suppose -30*q + 28*q = -a + 1970, -a - 2*q = -1986. What is the units digit of a?
8
Let o be -98 - 10*(-6)/(-15). Let d = 1 - o. What is the hundreds digit of d?
1
Suppose -58*i = -55*i - 5508. What is the tens digit of i?
3
Suppose -5*z = 259 - 1504. What is the tens digit of z?
4
Let p = 1564 - -989. What is the thousands digit of p?
2
Let u be (604/(-6))/(2/(-3)). Suppose -u - 143 = -6*q. What is the units digit of q?
9
Suppose 0 = -9*h + 5*h + 2*y + 12214, 5*y - 9167 = -3*h. What is the hundreds digit of h?
0
Suppose 5*a = 4*i - 3640, 3*a - 917 = -i + 6*a. What is the tens digit of i?
0
Suppose 0 = -8*y + 909 - 77. What is the units digit of y?
4
Suppose -3*m = 3*y - 468, 2*m + 2 = -0. What is the hundreds digit of y?
1
Let u(g) = g + 13. Let z be u(-8). What is the units digit of ((-7)/(-35))/(1/z)?
1
Let a(y) = -2*y**3 - 7*y**2 + 5*y + 54. What is the units digit of a(-8)?
0
Let h be ((-105)/(-2))/(7/14). Suppose -5*i - 5*q = -h, -2*i + 0*i + q = -33. What is the tens digit of i?
1
Suppose -3*n - 5*z - 5 = -5*n, -5*z - 35 = 4*n. Let c = -3 - n. Suppose 0 = -3*v - 5*g + 134, -c*v + 68 = 3*g - 5*g. What is the tens digit of v?
3
Suppose 5*i - 29 = -4. Suppose -61 = -i*p + 9. What is the tens digit of p?
1
Suppose 0 = -4*b - 2*y + 34, 5*y - 16 = b + 3. Suppose -1376 = -4*p - 5*a + b*a, -2*a - 351 = -p. What is the hundreds digit of p?
3
Let o = -15 - 21. Let h = o + 90. What is the tens digit of h?
5
Let y(h) = 3*h**2 - 7*h + 86. What is the hundreds digit of y(20)?
1
What is the units digit of (1036/(-20) + 3)/((-14)/350)?
0
What is the tens digit of 2/((-12)/42) - -497?
9
Suppose -3*z = -n - 138, -n + 6*n + 2*z = -741. Let a = -64 - n. What is the tens digit of a?
8
Suppose -9*y + 9204 = -3720. What is the units digit of y?
6
Suppose -635*a + 629*a = -4830. What is the tens digit of a?
0
Let c(m) = -m**3 - 10*m**2 + 5*m + 3. Let o be c(-11). Suppose -166 = -3*p + 4*z + o, 306 = 4*p + 2*z. What is the units digit of p?
7
Let p be (0/1)/(7 - 6). Let r = -37 - -59. Suppose -2*q = -3*y + 61, p*q = y - q - r. What is the units digit of y?
7
Let a(k) = -2*k - 2. Let b be a(2). Let z = -29 - -25. What is the units digit of 63/b*z/6?
7
Let a(j) = -3*j + 46. Let h be a(-10). Suppose 0 = 3*b - 29 - h. What is the tens digit of b?
3
Let y(x) = 12*x**3 - 3*x - 1. Let l be y(2). Let n = l - 18. What is the tens digit of n?
7
Let j = 944 + -511. Suppose 5*t = j + 52. What is the units digit of t?
7
Let g(k) = 7*k**2 - 3*k - 5. Let b(y) = 3*y**2 - 2*y - 3. Let n(l) = 5*b(l) - 2*g(l). What is the units digit of n(10)?
5
Let a be ((-14)/(-3))/1*3/2. Suppose -3*c + 4*b = -286, -2*c - 4*b = -a*b - 189. What is the hundreds digit of c?
1
Let s = -12 - 2. Let k be 2/(-7) - 32/s. Suppose k*n - o - 4 = 0, -2*o = n - 8 - 4. What is the units digit of n?
4
What is the tens digit of 5/(-2)*15/(-25)*12?
1
Suppose -c - 3*l + 18 - 3 = 0, -5*l = c - 21. Suppose 5*a = -w + 42, -w + c*w - 189 = -4*a. Let g = w - 4. What is the units digit of g?
3
Let q = -63 + 111. Suppose 5*f - 9 - 246 = 5*k, -f + 4*k + q = 0. What is the tens digit of f?
5
Let v(s) = -s**2 - 35*s + 392. What is the hundreds digit of v(-39)?
2
Let n be (222/12 - -6)/((-2)/(-4)). Let g = n + -32. What is the units digit of g?
7
Suppose 2*a = -24 + 614. Let t = a - 182. Suppose -77 = -5*w + 2*x + t, -4*x = w - 60. What is the units digit of w?
0
Suppose -3*x + 27 = -0*x. Suppose 15 = k - 4*a, 2*a - a + x = 2*k. Suppose 33 = -k*q + 207. What is the units digit of q?
8
Let t(m) = -2*m**2 + 25*m + 5. Let f be t(12). Let r = f - 11. What is the tens digit of 128/6 - r/(-9)?
2
Suppose -1 = -r + 4. Suppose r*x = 766 + 284. Suppose -6*i + 192 = -i - s, -5*i - 5*s = -x. What is the units digit of i?
9
Let h(p) = -126*p**3 - 2*p - 5. What is the thousands digit of h(-2)?
1
Let h be ((-4)/(-6))/(2/6). Suppose -l - 4 = 0, h*l = -5*s - l + 373. What is the tens digit of (s/(-7))/((-1)/2)?
2
Suppose -5*f + 13861 = 3*g + 4549, 2*f = 3*g - 9333. What is the units digit of g?
9
Suppose -4*o = -16*f + 13*f - 4894, o + 5*f - 1212 = 0. What is the hundreds digit of o?
2
Suppose 3*u + 3*p = 3 + 12, -5*u + 25 = -4*p. Suppose -3*k = 2*i - 116, -u*i + 2*k + 152 = -176. What is the units digit of i?
4
Let q = 1054 + 546. What is the thousands digit of q?
1
Let s(g) = -19*g - 7. Let o(c) = 19*c + 8. Let h(u) = -4*o(u) - 5*s(u). What is the tens digit of h(2)?
4
Let r be (40 - (3 - 1)) + (7 - 3). Let o = r - -138. What is the hundreds digit of o?
1
What is the hundreds digit of (-190 + 7 + 0)*-2?
3
Let h(n) = 3*n**2 + 14*n + 10. What is the tens digit of h(-18)?
3
Suppose 0 = -4*u, u = 3*l - 355 - 65. Let s = -8 + l. What is the hundreds digit of s?
1
Let t(c) = c**3 + 14*c**2 + 15*c + 14. Let j be t(-13). Let b = 68 + j. What is the units digit of b?
6
Let b be 3/(-1 - (-50)/49). Suppose -4*v = -b - 113. What is the tens digit of v?
6
Let o = 0 - -2. Suppose z - 3*z + 167 = -n, o*n = -2. What is the tens digit of z?
8
Let p(y) = 2*y - 7. Let q be p(6). Suppose q*r - 17 - 3 = 0. 